{"id":3,"date":"2023-11-03T00:34:51","date_gmt":"2023-11-03T03:34:51","guid":{"rendered":"http:\/\/radarinvestimentos.com\/?page_id=3"},"modified":"2024-03-22T00:46:34","modified_gmt":"2024-03-22T03:46:34","slug":"uso","status":"publish","type":"page","link":"https:\/\/radarinvestimentos.com\/index.php\/uso\/","title":{"rendered":"Termos de uso"},"content":{"rendered":"\t\t<div data-elementor-type=\"wp-page\" data-elementor-id=\"3\" class=\"elementor elementor-3\" data-elementor-post-type=\"page\">\n\t\t\t\t<div class=\"elementor-element elementor-element-24c163a9 e-flex e-con-boxed wpr-particle-no wpr-jarallax-no wpr-parallax-no wpr-sticky-section-no wpr-equal-height-no e-con e-parent\" data-id=\"24c163a9\" data-element_type=\"container\">\n\t\t\t\t\t<div class=\"e-con-inner\">\n\t\t\t\t<div class=\"elementor-element elementor-element-5f9e7490 elementor-widget elementor-widget-text-editor\" data-id=\"5f9e7490\" data-element_type=\"widget\" data-widget_type=\"text-editor.default\">\n\t\t\t\t<div class=\"elementor-widget-container\">\n\t\t\t<style>\/*! elementor - v3.23.0 - 15-07-2024 *\/\n.elementor-widget-text-editor.elementor-drop-cap-view-stacked .elementor-drop-cap{background-color:#69727d;color:#fff}.elementor-widget-text-editor.elementor-drop-cap-view-framed .elementor-drop-cap{color:#69727d;border:3px solid;background-color:transparent}.elementor-widget-text-editor:not(.elementor-drop-cap-view-default) .elementor-drop-cap{margin-top:8px}.elementor-widget-text-editor:not(.elementor-drop-cap-view-default) .elementor-drop-cap-letter{width:1em;height:1em}.elementor-widget-text-editor .elementor-drop-cap{float:left;text-align:center;line-height:1;font-size:50px}.elementor-widget-text-editor .elementor-drop-cap-letter{display:inline-block}<\/style>\t\t\t\t<p>Estes Termos de Uso (&#8220;Termos&#8221;) regem o uso do servi\u00e7o &#8220;Radar&#8221; (&#8220;Servi\u00e7o&#8221;), fornecido por FABR\u00cdCIO STAGLIANO DE SOUZA SERVI\u00c7OS ADMINISTRATIVOS &#8211; CNPJ 28.468.562\/0001-83 (&#8220;Empresa&#8221;).<\/p><p>Ao se cadastrar e utilizar o Servi\u00e7o, voc\u00ea concorda com estes Termos. Certifique-se de l\u00ea-los cuidadosamente antes de continuar.<\/p><p>1. Descri\u00e7\u00e3o do Servi\u00e7o<\/p><p>O Radar \u00e9 um servi\u00e7o oferecido pela Empresa que fornece acesso a informa\u00e7\u00f5es e recursos relacionados a investimentos financeiros. O Servi\u00e7o opera com base em um modelo de cobran\u00e7a mensal pr\u00e9 pago, no qual os usu\u00e1rios s\u00e3o cobrados antes de utilizarem os servi\u00e7os, oferecemos 7 dias gratuitos sem cobran\u00e7as para novos usu\u00e1rios a t\u00edtulo de teste.<\/p><p>2. Cobran\u00e7a com Base no Valor Apurado, (v\u00e1lido apenas para o radar free)<\/p><p>2.1. A cobran\u00e7a pelo uso do Radar Free ser\u00e1 efetuada mensalmente, desde que o valor apurado do m\u00eas anterior, conforme registrado na planilha mencionada no link acima, seja maior 500 pontos.<\/p><p>2.2. Caso o valor apurado do m\u00eas anterior seja igual ou inferior a zero, n\u00e3o ser\u00e1 efetuada nenhuma cobran\u00e7a referente ao uso do Servi\u00e7o.<\/p><p>2.3. Os detalhes espec\u00edficos sobre a forma de c\u00e1lculo do valor apurado e os crit\u00e9rios para determinar se a cobran\u00e7a \u00e9 devida ou n\u00e3o ser\u00e3o feitos a partir do hist\u00f3rico de ordens passadas no grupo do telegram de forma transparente em tempo real denomidado RADAR | CLOSE.<\/p><p>3. Privacidade e Seguran\u00e7a<\/p><p>3.1. A Empresa se compromete a proteger suas informa\u00e7\u00f5es pessoais de acordo com a nossa Pol\u00edtica de Privacidade. Ao utilizar o Servi\u00e7o, voc\u00ea concorda com a coleta, uso e divulga\u00e7\u00e3o de suas informa\u00e7\u00f5es pessoais conforme descrito na Pol\u00edtica de Privacidade.<\/p><p>4. Altera\u00e7\u00f5es nos Termos de Uso<\/p><p>4.1. A Empresa reserva-se o direito de modificar estes Termos a qualquer momento. As altera\u00e7\u00f5es entrar\u00e3o em vigor assim que forem publicadas no site da Empresa ou no Servi\u00e7o. Recomendamos que voc\u00ea reveja periodicamente estes Termos para estar ciente de quaisquer atualiza\u00e7\u00f5es.<\/p><p>5. Encerramento do Servi\u00e7o<\/p><p>5.1. Voc\u00ea pode encerrar a utiliza\u00e7\u00e3o do Servi\u00e7o a qualquer momento, seguindo as instru\u00e7\u00f5es fornecidas no site ou no aplicativo.<\/p><p>5.2. Para clientes p\u00f3s pagos, o cliente que n\u00e3o autorizar o d\u00e9bito p\u00f3s pago ter\u00e1 seu nome inclu\u00eddo nos \u00f3rg\u00e3os SCPC\/Serasa 15 dias ap\u00f3s o vencimento, bem como tamb\u00e9m ser\u00e1 inclu\u00eddo seu nome no sistema interno de devedores RADAR.<\/p><p>5.3. A empresa FABRICIO STAGLIANO DE SOUZA SERVI\u00c7OS ADMINISTRATIVOS LTDA reserva-se no direito de n\u00e3o aceitar assinantes com o status INADIMPLENTE que se adquire com o n\u00e3o cumprimento da al\u00ednea 5.2.<\/p><p>6. Contato<\/p><p>6.1. Para entrar em contato com a Empresa em rela\u00e7\u00e3o a estes Termos de Uso ou ao Servi\u00e7o, utilize as informa\u00e7\u00f5es de contato fornecidas nos e-mails e sites da Empresa.<\/p><p>7. CUPONS<\/p><p>7.1 50% de desconto para membros ativos radar\u00a0<\/p><p>7.1.1 O cupom \u00e9 v\u00e1lido durante 6 meses ou at\u00e9 que sua assinatura Radar automatizado seja cancelado, o que ocorrer primeiro. O cupom somente \u00e9 v\u00e1lido para adquirir os seguintes planos:<br \/>At\u00e9 10 contratos; At\u00e9 15 contratos;<span style=\"font-family: var( --e-global-typography-text-font-family ), Sans-serif; font-size: var( --e-global-typography-text-font-size ); font-weight: var( --e-global-typography-text-font-weight ); text-align: var(--text-align); background-color: var(--base-3);\">\u00a0<\/span><span style=\"font-family: var( --e-global-typography-text-font-family ), Sans-serif; font-size: var( --e-global-typography-text-font-size ); font-weight: var( --e-global-typography-text-font-weight ); text-align: var(--text-align); background-color: var(--base-3);\">At\u00e9 20 contratos;<\/span><span style=\"font-family: var( --e-global-typography-text-font-family ), Sans-serif; font-size: var( --e-global-typography-text-font-size ); font-weight: var( --e-global-typography-text-font-weight ); text-align: var(--text-align); background-color: var(--base-3);\">\u00a0<\/span><span style=\"font-family: var( --e-global-typography-text-font-family ), Sans-serif; font-size: var( --e-global-typography-text-font-size ); font-weight: var( --e-global-typography-text-font-weight ); text-align: var(--text-align); background-color: var(--base-3);\">At\u00e9 30 contratos;<\/span><span style=\"font-family: var( --e-global-typography-text-font-family ), Sans-serif; font-size: var( --e-global-typography-text-font-size ); font-weight: var( --e-global-typography-text-font-weight ); text-align: var(--text-align); background-color: var(--base-3);\">\u00a0<\/span><span style=\"font-family: var( --e-global-typography-text-font-family ), Sans-serif; font-size: var( --e-global-typography-text-font-size ); font-weight: var( --e-global-typography-text-font-weight ); text-align: var(--text-align); background-color: var(--base-3);\">At\u00e9 50 contratos;<\/span><span style=\"font-family: var( --e-global-typography-text-font-family ), Sans-serif; font-size: var( --e-global-typography-text-font-size ); font-weight: var( --e-global-typography-text-font-weight ); text-align: var(--text-align); background-color: var(--base-3);\">\u00a0<\/span><span style=\"font-family: var( --e-global-typography-text-font-family ), Sans-serif; font-size: var( --e-global-typography-text-font-size ); font-weight: var( --e-global-typography-text-font-weight ); text-align: var(--text-align); background-color: var(--base-3);\">At\u00e9 100 contratos;<\/span><span style=\"font-family: var( --e-global-typography-text-font-family ), Sans-serif; font-size: var( --e-global-typography-text-font-size ); font-weight: var( --e-global-typography-text-font-weight ); text-align: var(--text-align); background-color: var(--base-3);\">\u00a0<\/span><span style=\"font-family: var( --e-global-typography-text-font-family ), Sans-serif; font-size: var( --e-global-typography-text-font-size ); font-weight: var( --e-global-typography-text-font-weight ); text-align: var(--text-align); background-color: var(--base-3);\">At\u00e9 200 contratos;<\/span><span style=\"font-family: var( --e-global-typography-text-font-family ), Sans-serif; font-size: var( --e-global-typography-text-font-size ); font-weight: var( --e-global-typography-text-font-weight ); text-align: var(--text-align); background-color: var(--base-3);\">\u00a0<\/span><span style=\"font-family: var( --e-global-typography-text-font-family ), Sans-serif; font-size: var( --e-global-typography-text-font-size ); font-weight: var( --e-global-typography-text-font-weight ); text-align: var(--text-align); background-color: var(--base-3);\">At\u00e9 300 contratos;<\/span><\/p><p>8 Atualiza\u00e7\u00e3o de pre\u00e7os<\/p><p>8.1 A atualiza\u00e7\u00e3o de pre\u00e7os se dar\u00e1 automaticamente no primeiro dia do ano vigente e implicar\u00e1 uma corre\u00e7\u00e3o no valor do plano baseado no IPCA &#8211; \u00cdNDICE DE PRE\u00c7OS AO CONSUMIDOR AMPLO, caso o mesmo deixe de existir utilizaremos o mais pr\u00f3ximo ao \u00edtem denominado.\u00a0\u00a0<\/p><p>Ao continuar a utilizar o Servi\u00e7o, voc\u00ea concorda com estes Termos de Uso. Se voc\u00ea n\u00e3o concordar com esses Termos, por favor, interrompa imediatamente o uso do Servi\u00e7o.<\/p><p>Termos de uso alterado pela \u00faltima vez 22\/03\/2024 &#8211; 00:30<\/p>\t\t\t\t\t\t<\/div>\n\t\t\t\t<\/div>\n\t\t\t\t\t<\/div>\n\t\t\t\t<\/div>\n\t\t\t\t<\/div>\n\t\t","protected":false},"excerpt":{"rendered":"<p>Estes Termos de Uso (&#8220;Termos&#8221;) regem o uso do servi\u00e7o &#8220;Radar&#8221; (&#8220;Servi\u00e7o&#8221;), fornecido por FABR\u00cdCIO STAGLIANO DE SOUZA SERVI\u00c7OS ADMINISTRATIVOS &#8211; CNPJ 28.468.562\/0001-83 (&#8220;Empresa&#8221;). Ao se cadastrar e utilizar o Servi\u00e7o, voc\u00ea concorda com estes Termos. Certifique-se de l\u00ea-los cuidadosamente antes de continuar. 1. Descri\u00e7\u00e3o do Servi\u00e7o O Radar \u00e9 um servi\u00e7o oferecido pela Empresa que fornece acesso a informa\u00e7\u00f5es e recursos relacionados a investimentos financeiros. O Servi\u00e7o opera com base em um modelo de cobran\u00e7a mensal pr\u00e9 pago, no qual os usu\u00e1rios s\u00e3o cobrados antes de utilizarem os servi\u00e7os, oferecemos 7 dias gratuitos sem cobran\u00e7as para novos usu\u00e1rios a t\u00edtulo de teste. 2. Cobran\u00e7a com Base no Valor Apurado, (v\u00e1lido apenas para o radar free) 2.1. A cobran\u00e7a pelo uso do Radar Free ser\u00e1 efetuada mensalmente, desde que o valor apurado do m\u00eas anterior, conforme registrado na planilha mencionada no link acima, seja maior 500 pontos. 2.2. Caso o valor apurado do m\u00eas anterior seja igual ou inferior a zero, n\u00e3o ser\u00e1 efetuada nenhuma cobran\u00e7a referente ao uso do Servi\u00e7o. 2.3. Os detalhes espec\u00edficos sobre a forma de c\u00e1lculo do valor apurado e os crit\u00e9rios para determinar se a cobran\u00e7a \u00e9 devida ou n\u00e3o ser\u00e3o feitos a partir do hist\u00f3rico de ordens passadas no grupo do telegram de forma transparente em tempo real denomidado RADAR | CLOSE. 3. Privacidade e Seguran\u00e7a 3.1. A Empresa se compromete a proteger suas informa\u00e7\u00f5es pessoais de acordo com a nossa Pol\u00edtica de Privacidade. Ao utilizar o Servi\u00e7o, voc\u00ea concorda com a coleta, uso e divulga\u00e7\u00e3o de suas informa\u00e7\u00f5es pessoais conforme descrito na Pol\u00edtica de Privacidade. 4. Altera\u00e7\u00f5es nos Termos de Uso 4.1. A Empresa reserva-se o direito de modificar estes Termos a qualquer momento. As altera\u00e7\u00f5es entrar\u00e3o em vigor assim que forem publicadas no site da Empresa ou no Servi\u00e7o. Recomendamos que voc\u00ea reveja periodicamente estes Termos para estar ciente de quaisquer atualiza\u00e7\u00f5es. 5. Encerramento do Servi\u00e7o 5.1. Voc\u00ea pode encerrar a utiliza\u00e7\u00e3o do Servi\u00e7o a qualquer momento, seguindo as instru\u00e7\u00f5es fornecidas no site ou no aplicativo. 5.2. Para clientes p\u00f3s pagos, o cliente que n\u00e3o autorizar o d\u00e9bito p\u00f3s pago ter\u00e1 seu nome inclu\u00eddo nos \u00f3rg\u00e3os SCPC\/Serasa 15 dias ap\u00f3s o vencimento, bem como tamb\u00e9m ser\u00e1 inclu\u00eddo seu nome no sistema interno de devedores RADAR. 5.3. A empresa FABRICIO STAGLIANO DE SOUZA SERVI\u00c7OS ADMINISTRATIVOS LTDA reserva-se no direito de n\u00e3o aceitar assinantes com o status INADIMPLENTE que se adquire com o n\u00e3o cumprimento da al\u00ednea 5.2. 6. Contato 6.1. Para entrar em contato com a Empresa em rela\u00e7\u00e3o a estes Termos de Uso ou ao Servi\u00e7o, utilize as informa\u00e7\u00f5es de contato fornecidas nos e-mails e sites da Empresa. 7. CUPONS 7.1 50% de desconto para membros ativos radar\u00a0 7.1.1 O cupom \u00e9 v\u00e1lido durante 6 meses ou at\u00e9 que sua assinatura Radar automatizado seja cancelado, o que ocorrer primeiro. O cupom somente \u00e9 v\u00e1lido para adquirir os seguintes planos:At\u00e9 10 contratos; At\u00e9 15 contratos;\u00a0At\u00e9 20 contratos;\u00a0At\u00e9 30 contratos;\u00a0At\u00e9 50 contratos;\u00a0At\u00e9 100 contratos;\u00a0At\u00e9 200 contratos;\u00a0At\u00e9 300 contratos; 8 Atualiza\u00e7\u00e3o de pre\u00e7os 8.1 A atualiza\u00e7\u00e3o de pre\u00e7os se dar\u00e1 automaticamente no primeiro dia do ano vigente e implicar\u00e1 uma corre\u00e7\u00e3o no valor do plano baseado no IPCA &#8211; \u00cdNDICE DE PRE\u00c7OS AO CONSUMIDOR AMPLO, caso o mesmo deixe de existir utilizaremos o mais pr\u00f3ximo ao \u00edtem denominado.\u00a0\u00a0 Ao continuar a utilizar o Servi\u00e7o, voc\u00ea concorda com estes Termos de Uso. Se voc\u00ea n\u00e3o concordar com esses Termos, por favor, interrompa imediatamente o uso do Servi\u00e7o. Termos de uso alterado pela \u00faltima vez 22\/03\/2024 &#8211; 00:30<\/p>\n","protected":false},"author":1,"featured_media":0,"parent":0,"menu_order":0,"comment_status":"closed","ping_status":"open","template":"","meta":{"cybocfi_hide_featured_image":"","footnotes":""},"_links":{"self":[{"href":"https:\/\/radarinvestimentos.com\/index.php\/wp-json\/wp\/v2\/pages\/3"}],"collection":[{"href":"https:\/\/radarinvestimentos.com\/index.php\/wp-json\/wp\/v2\/pages"}],"about":[{"href":"https:\/\/radarinvestimentos.com\/index.php\/wp-json\/wp\/v2\/types\/page"}],"author":[{"embeddable":true,"href":"https:\/\/radarinvestimentos.com\/index.php\/wp-json\/wp\/v2\/users\/1"}],"replies":[{"embeddable":true,"href":"https:\/\/radarinvestimentos.com\/index.php\/wp-json\/wp\/v2\/comments?post=3"}],"version-history":[{"count":20,"href":"https:\/\/radarinvestimentos.com\/index.php\/wp-json\/wp\/v2\/pages\/3\/revisions"}],"predecessor-version":[{"id":3095,"href":"https:\/\/radarinvestimentos.com\/index.php\/wp-json\/wp\/v2\/pages\/3\/revisions\/3095"}],"wp:attachment":[{"href":"https:\/\/radarinvestimentos.com\/index.php\/wp-json\/wp\/v2\/media?parent=3"}],"curies":[{"name":"wp","href":"https:\/\/api.w.org\/{rel}","templated":true}]}}